 = o. Calculate the remainder when o is divided by g.
0
What is the remainder when 379 is divided by 9/27 + (-113)/(-3)?
37
Suppose -2 = -2*s + 26. Suppose -147 = -5*d + 4*m, 0 = -d + 5*m + 31 + 11. What is the remainder when d is divided by s?
13
What is the remainder when 173 is divided by 117/3 - 5/((-25)/(-20))?
33
Let s(c) = c**2 + 3. Let y be s(0). Suppose -110 = -y*p - 11. What is the remainder when p is divided by 12?
9
Let w(i) be the second derivative of i**5/20 + i**4/2 + i**3/3 + 5*i**2/2 - i. Let u be (-3)/(-12) + 84/(-16). What is the remainder when 38 is divided by w(u)?
18
Let k be 12/((-2 + 3)/3). Suppose 2*x - 4*x = k. Calculate the remainder when 7 is divided by 4/x + 116/36.
1
Let w = 21 - 11. Let f be (-2 + 1 + 1)/(-1). Suppose -6*m - 87 = -4*z - m, 3*m - 15 = f. Calculate the remainder when z is divided by w.
8
Suppose -6 - 31 = -c. Suppose 5 = -2*r + 1, 16 = -5*o - 3*r. Let i(p) = -6*p - 2. What is the remainder when c is divided by i(o)?
7
Suppose -14 = 5*z - 194. Suppose -5*u = -y - 92, -4*u - 5*y = -3*u - 34. Calculate the remainder when z is divided by u.
17
Suppose -20*q + 117 = -263. Let m = 13 + -6. Calculate the remainder when q is divided by m.
5
Suppose -2*m - 8 + 18 = 0. Calculate the remainder when 9 is divided by m.
4
Suppose 0*g + 324 = 4*g. Calculate the remainder when g is divided by 28.
25
Let u = -12 + 36. What is the remainder when u is divided by -76*3/(-12) - 6?
11
Let n = -10 + 16. Suppose 3*o - 10 - 44 = 0. Suppose -5*y - q + 25 = -n*q, 3*q + o = 4*y. Calculate the remainder when 4 is divided by y.
1
Suppose 0 = -2*r + 4 - 0. Suppose -r*x + 4 = -2. Calculate the remainder when 4 is divided by x.
1
Suppose 0 = c, -797 = 3*g - c - 173. What is the remainder when 4/(-6) + g/(-6) is divided by 9?
7
Suppose 0 = 3*n - 12. Suppose -n*l = 5*w + 5 - 68, -5*w + 60 = 5*l. Calculate the remainder when 56 is divided by w.
11
Let k = 24 + 3. Calculate the remainder when k is divided by 6.
3
Let s(b) = 16*b - 4. Let t be s(3). Suppose 3*o = 2*l + t, o = 3*o + 2*l - 36. Calculate the remainder when o is divided by (5/(-2))/(-5)*12.
4
Let b(a) = -a**2 + 15*a + 25. Calculate the remainder when 17 is divided by b(16).
8
Suppose -2*q = 5*s - 6*q + 22, -38 = 5*s + 4*q. Calculate the remainder when 93 is divided by (s/(-4))/(9/192).
29
Let t(v) = 18*v - 23. What is the remainder when 89 is divided by t(2)?
11
Let k = 23 + -19. Calculate the remainder when k is divided by 3.
1
Suppose -3*q = -z - 103, -q + 4*q - 115 = -5*z. Calculate the remainder when q is divided by 4.
3
Let y(j) = -j**3 - 2*j**2 + 2*j. Suppose 4*l - 20 = 5*u - 0, -5*l - 4 = u. Calculate the remainder when 46 is divided by y(u).
22
Let c = 29 - 25. Let l(p) = 2*p + 5. Calculate the remainder when l(6) is divided by c.
1
Let a(h) = -4*h - 7. Let x be a(-7). Let t = x + 13. What is the remainder when t is divided by (27/(-3))/((-1)/1)?
7
Let k be -4 - -7 - (-2 - -1). Let t(u) = u**3 - u**2 + 5*u - 2. What is the remainder when t(k) is divided by 17?
15
Let x(s) = 11*s**3 - s**2 + 3*s - 2. Calculate the remainder when x(1) is divided by 3.
2
Suppose -3 = -3*q + 3. What is the remainder when -3 + (-5 + 0)/(-1) is divided by q?
0
Let c be -15 - 1/(2/(-4)). Suppose 0 = -s - 8 + 26. Let x = c + s. What is the remainder when 8 is divided by x?
3
Let s(h) = -h**2 + 2. Let t be s(0). Let o be (-1 + 0)*-39*t. What is the remainder when 26 is divided by o/9 - (-1)/3?
8
Suppose -2*l + 5*l + 54 = 3*o, -l - 3 = -4*o. Let k = -3 - l. What is the remainder when 39 is divided by k?
19
Suppose -5*u - 4*x = -50, 0 = -5*u + 4*x - 7 + 17. Calculate the remainder when (-9)/6 + (-45)/(-2) is divided by u.
3
Let q(o) = -o**3 + 5*o**2 - 6*o + 1. Let y be q(4). Let m = 15 + 1. Calculate the remainder when m is divided by 9*(y/3 - -3).
4
Let t(v) = 19*v - 42. Calculate the remainder when t(6) is divided by 27.
18
Let z(a) = a**2 - a - 2. Let k be z(2). Let y = 17 + k. What is the remainder when 65 is divided by y?
14
Let s be 1/3*3*0. Let l = s - -25. Calculate the remainder when l is divided by 9.
7
Suppose -2*s = 3*s. Suppose 2*j = -4, -210 = -4*a + 3*j - s*j. Calculate the remainder when a is divided by 13.
12
Suppose -2*w = -4*n + w - 5, 0 = -4*n - 4*w - 40. Calculate the remainder when (25 - 0)*(-9)/n is divided by 24.
21
Suppose 3*s - 424 = 2*w, 409 = 7*s - 4*s + w. What is the remainder when s is divided by 10?
8
Let b = -59 - -90. What is the remainder when 121 is divided by b?
28
Let j(o) = -o**3 - 2*o**2 + 3*o. Let m be j(-3). Suppose -4*d = -m*d - 136. Calculate the remainder when d is divided by 9.
7
Let y be ((-4)/(-6))/(2/12). Suppose -51 = -y*o + 25. What is the remainder when o is divided by 5/((-15)/(-9)) + 4?
5
Let j(l) = 4*l**2 + l - 29. What is the remainder when j(5) is divided by 20?
16
Suppose 0*g + 42 = g - 3*z, 159 = 5*g + 2*z. What is the remainder when 97 is divided by g?
31
Let c be (-4 + 2)*1/2. Let o(t) = 2*t**2 + 1. What is the remainder when o(c) is divided by 2?
1
Suppose -v = -5*s + 211, 0 = s + 3*v - 8 - 31. Let y = 65 - s. What is the remainder when 45 is divided by y?
22
Let u = -4 + 6. Suppose -2*l + 0 = -u. Suppose -5*a - 2*c + 4 - 1 = 0, 5*c + 9 = 4*a. Calculate the remainder when l is divided by a.
0
Suppose 44 = -11*q + 13*q. What is the remainder when q is divided by 5?
2
Suppose 8*q - 5*q - 189 = 0. Calculate the remainder when q is divided by 3.
0
Suppose -8 = -2*c + 2. Suppose c*t - 25 + 0 = 0. Suppose 0 = -t*j + 15 + 40. What is the remainder when 31 is divided by j?
9
Let x = 9 - -5. What is the remainder when x is divided by 8?
6
Let o(g) = g**2 - 14*g - 1. Let b(x) = -x + 1. Calculate the remainder when o(15) is divided by b(-7).
6
Suppose 2*r + 0 = -8. Let w = r + 27. Suppose b - 3*b = d - 27, 2*b + 2*d - 28 = 0. Calculate the remainder when w is divided by b.
10
Let t(r) = -24*r - 1. Let b be t(-2). Suppose 0 = -4*q - 11 + b. Let n = 58 - 33. What is the remainder when n is divided by q?
7
Suppose 2*y + 168 = 4*z, z - 5*y = -3*y + 39. Calculate the remainder when z is divided by (-2)/5 + -7*11/(-5).
13
Suppose -6*r + 284 = 62. What is the remainder when 72 is divided by r?
35
Suppose -4*a - a + 905 = 0. Let n = a + -102. Calculate the remainder when n is divided by 20.
19
What is the remainder when 2 - 3/3*-1 is divided by 1?
0
Suppose 30 = 5*a - 5*i, 0*i + 3*i = -3. Suppose 2*p = a*n + 66, 5*p + 2*n - 3*n - 188 = 0. Suppose 3*z = z + p. What is the remainder when z is divided by 10?
9
Calculate the remainder when 5 is divided by 1/(-2)*(0/3 - 6).
2
Suppose 4*t = -d - d + 62, -d + 3*t + 11 = 0. Let a(x) = -3*x**3 - 4*x**2 - x + 2. Calculate the remainder when d is divided by a(-2).
11
Suppose 4*q = -7 + 23. Suppose 4*l - 4*j + 1 = 69, -2*j - 60 = -4*l. What is the remainder when l is divided by q?
1
Let j(l) = -2*l**2 + 24*l + 9. Suppose -n + 0*n = -11. Calculate the remainder when j(11) is divided by n.
9
Let w be 16/6 - 1/(-3). Suppose 0 = 4*m + 16, 0 = -w*l + 4*m - m + 42. What is the remainder when 17 is divided by l?
7
Suppose -4*u + a = -14, u - 3*a = 2*u + 3. Suppose g - u*g = -8. Calculate the remainder when 10 is divided by g.
2
Let u(c) = 2*c + 4 - 3 + 9 + 1. Calculate the remainder when u(0) is divided by 4.
3
Suppose 0*r = 2*r - 84. Suppose -4*c + 33 = 4*a - 11, 0 = -a + 3*c + 11. What is the remainder when r is divided by a?
9
Let q(k) = k**2 + 6*k + 4. Calculate the remainder when 59 is divided by q(-8).
19
Suppose l = 45 - 1. Calculate the remainder when l is divided by 23.
21
Let x = -50 - -32. What is the remainder when (-2 - 4/6)*x is divided by 25?
23
Let l(w) = 4*w**2 - 10*w - 5. Let r be (-1)/2*(-56)/4. What is the remainder when l(r) is divided by 31?
28
Let p be ((-6)/4)/(9/(-198)). Let i = p - 14. Suppose -o - 3*m + 2 = 0, 2*o + m + 0 - i = 0. Calculate the remainder when o is divided by 4.
3
Suppose r = 5*r - 12. Let h(l) = 20*l + 4. Calculate the remainder when h(r) is divided by 13.
12
Let c = -96 - -130. What is the remainder when 101 is divided by c?
33
Suppose 2*n = p - 8, -6*n - 8 = -4*n - 5*p. Calculate the remainder when (-35)/(-5) - (0 - 1) is divided by 87/27 - n/(-18).
2
What is the remainder when 37 is divided by (-1 - 14)/((-6)/4)?
7
Suppose 3 = h + 2*q, -3*h + 3*q - 4*q + 29 = 0. What 